 when (2 + -107)/(6*2/(-8)) is divided by 25?
20
Suppose 6*l + 2*p - 260 = l, 5*p - 225 = -4*l. What is the remainder when l is divided by 18?
14
Let p(z) be the first derivative of -z**4/4 - 2*z**3 + 3*z**2 + 9*z - 2. Let g be p(-7). Let u = 0 + g. What is the remainder when 46 is divided by u?
14
Suppose 2*b = -34 + 104. Suppose -4*v + 3*q + 56 = 0, -6*q = 5*v - q - b. What is the remainder when 19 is divided by v?
8
Suppose -79 = -9*p - 7. Calculate the remainder when 26 is divided by p.
2
Let h = -2 + 3. Suppose 17 = 4*o - 4*a + h, 2*a = -4*o + 16. Calculate the remainder when 27 is divided by (o + 9/(-3))*14.
13
Suppose 0 = 3*u - 3*z + z - 36, -u - 4*z + 12 = 0. Let o = u - -12. What is the remainder when o is divided by (-1)/((-8)/(-9) - 1)?
6
Let y(u) = -4*u + 0*u**2 - 7 - u**2 + 14*u + 0. Calculate the remainder when 34 is divided by y(8).
7
Suppose 0 = 4*q - q + 5*o + 1, 3*o + 39 = 3*q. Calculate the remainder when 21 is divided by q.
5
Suppose -15 = b + 5*x, 0*b + 5*x + 15 = 2*b. Suppose 0 = -b*k - k + 30. Let n(l) = -9*l - 7. What is the remainder when k is divided by n(-2)?
8
Suppose x = 2*x - 23. Suppose -2*d + 5 + 1 = -5*w, -d - 7 = -5*w. What is the remainder when x is divided by d?
10
Suppose -2*l = 5*j - 15, 15 = 5*j + l + 2*l. Suppose -5*x + 180 = 2*q + j*q, -4*x + 174 = -2*q. Calculate the remainder when x is divided by 11.
8
Let k = 19 - 14. What is the remainder when (-106)/(-6) - (-2)/(-3) is divided by k?
2
Let r(s) = s - 4. Let h be 6 - -2 - (-2 + 1). Let y be r(h). Suppose 0 = y*m + 4*b - 43, -m - 19 = -3*m - b. Calculate the remainder when 32 is divided by m.
10
Suppose 3*h = -5*g + 45, 2*g = g + 2*h + 9. Calculate the remainder when 25 is divided by g.
7
Suppose -p + 6*p - 40 = 0. Calculate the remainder when 13 is divided by p.
5
Suppose -m + 42 = 2*m. What is the remainder when m is divided by 5?
4
Let y = 17 + 9. Calculate the remainder when y is divided by 14.
12
Let h be (2/3)/((-2)/(-51)). Suppose -4*t + 6*x + 56 = 2*x, -5*t + 64 = -3*x. Let c = h - t. What is the remainder when 16 is divided by c?
4
Let t = 8 - 5. Suppose 5*b + w = 21 - 85, 3*w + 36 = -t*b. Let g = b - -19. What is the remainder when 17 is divided by g?
5
Suppose 2*i - 4*l - 54 = 0, -3*l - 50 = -5*i + 50. What is the remainder when i is divided by 5?
2
Let d(f) = -5*f - 38. What is the remainder when 63 is divided by d(-12)?
19
Let r(u) = 2*u**2 + u**3 - 4 + 2 - 2*u + 0. What is the remainder when r(2) is divided by 3?
1
Let r = -32 + 56. Calculate the remainder when r is divided by 9.
6
Let r(a) = 3*a + 6. What is the remainder when r(13) is divided by 24?
21
Let w be 2 + 2 + -1 + -1. Calculate the remainder when 1 is divided by (0 - 0) + w + -1.
0
Let d(z) = z + 14. Let g be d(0). Let f(x) = -x**3 - 3*x**2 - 4*x - 4. Let a be f(-3). Let y = g - a. What is the remainder when y is divided by 4?
2
Let l = 6 + -12. Let j = -2 + 6. Calculate the remainder when 11 is divided by l/(-1) - 0/j.
5
Suppose 18*a - 522 = 15*a. Calculate the remainder when a is divided by 22.
20
Let t = -16 - -29. Suppose -4*f - 8 - t = -3*m, 4*m + 4*f = 56. Calculate the remainder when 20 is divided by m.
9
Suppose -f - 4*w = -3 - 8, -2*f = -3*w. Let o be (f - 2)*(1 - -3). Calculate the remainder when 17 is divided by (7 - -1) + (6 - o).
7
Suppose -5*k + k + 8 = 0. Let r be 4/18 - (-34)/9. Suppose k*l - 40 = -2*h, 0*h = -r*l - 3*h + 80. Calculate the remainder when l is divided by 11.
9
Let y(c) = c**3 - 5*c**2 + 2*c - 2. Let w be y(5). Suppose -3*v = -4*v + w. Calculate the remainder when 15 is divided by v.
7
Suppose 24 = 3*c + 3*k, 23 = 2*c - c - 2*k. Calculate the remainder when c is divided by 3.
1
Let n(i) = -i**2 + 6*i - 7. Let w be n(7). Let a = w + 43. Calculate the remainder when a is divided by (-20)/(2/(-2) - 1).
9
Let l(z) = -6*z - 27. Calculate the remainder when 186 is divided by l(-8).
18
Calculate the remainder when (-502)/(-5) - (24/(-15) - -2) is divided by 34.
32
Let y = -4 + 7. Suppose t - 2 = 0, 2*z - 14 = -3*z + y*t. Calculate the remainder when 10 is divided by z.
2
Let o = 19 + -15. Suppose g - 2 - 9 = 0. What is the remainder when g is divided by o?
3
Suppose -5*t - o + 45 = o, -5*o = 2*t - 18. Calculate the remainder when 25 is divided by t.
7
Suppose -2 = v + 33. Let r = -21 - v. Calculate the remainder when 1*(-1)/(2/(-82)) is divided by r.
13
Suppose 0 = -5*y + 42 + 28. Let s be (-165)/(-2) - 2/4. Suppose t - 3*t + s = 0. What is the remainder when t is divided by y?
13
Let l(h) = -2*h + 2. Let b(p) = -2*p + 91. Let d be b(0). Suppose -3*x - 4*i + 83 = 0, 3*x + 0*i = 4*i + d. Calculate the remainder when x is divided by l(-4).
9
Let g = 95 + -64. Suppose 0*p - p + 11 = 0. What is the remainder when g is divided by p?
9
Let z = 292 - 89. What is the remainder when z is divided by 34?
33
What is the remainder when 25 - 4*(-3)/6 is divided by 4?
3
Suppose b = 6 + 22. Let a = 22 + -15. Calculate the remainder when b is divided by a - -1 - 8/(-4).
8
Let u(a) = -a**3 - 10*a**2 - 9*a + 13. Calculate the remainder when 24 is divided by u(-9).
11
Suppose -2*z + 5*n + 158 = 0, 0*n = 4*z + 4*n - 260. Suppose 0 = 4*m - m - z. Calculate the remainder when m is divided by 6.
5
Let o(g) = 3*g - 14*g + 8*g**2 + 6 - g**3 + 2*g. What is the remainder when o(5) is divided by 19?
17
Let w = 38 - 22. Let z = 0 + -5. Let j = 11 + z. Calculate the remainder when w is divided by j.
4
Let b = -24 + 31. Calculate the remainder when 11 is divided by b.
4
Let x(f) = 2*f - 3. Let b(o) = -o**3 - 5*o**2 + 12*o - 12. What is the remainder when x(3) is divided by b(-7)?
1
Suppose 16 = -5*q + 2*r, -3*r = -q - 4*r - 6. Let x = q + 8. Suppose -x*k - 11 = -35. Calculate the remainder when 11 is divided by k.
5
Suppose 15 + 10 = 5*i. Let d(f) = 5*f + 1. Let l be d(-1). Let u(r) = -r**3 - 4*r**2 - 2*r. What is the remainder when u(l) is divided by i?
3
Suppose 84 = 4*f + 4*r, 0 = -f - 0*f - 4*r + 24. What is the remainder when f is divided by 7?
6
Calculate the remainder when (-3)/((-3)/(-4)) + (2 - -25) is divided by 8/(1 - 3)*-2.
7
Let r be -1 + (3 - 4)*-3. What is the remainder when 21*r/(1 + 1) is divided by 8?
5
Let n = -81 + 96. What is the remainder when 40 is divided by n?
10
Suppose 4*r = 2*r + 36. Calculate the remainder when 52 is divided by r.
16
Let m(x) be the second derivative of x**5/20 + 5*x**4/12 - x**3/3 + 7*x**2/2 - 5*x. Calculate the remainder when 67 is divided by m(-5).
16
Let u = 28 + -17. Let m = u - 9. Suppose -4*o - m*x = -o + 1, 4*o = x + 17. Calculate the remainder when 11 is divided by o.
2
Suppose -34 = -p + 3*u - 6*u, -2*u = -5*p + 102. Calculate the remainder when (8/1)/((-1)/((-72)/9)) is divided by p.
20
Let u be 12/30 + (-26)/(-10). Suppose -u = -g + 8. Calculate the remainder when -30*(0 + -2 + 1) is divided by g.
8
Let s(w) = 5*w**2 + 6*w + 2. Calculate the remainder when 18 is divided by s(-2).
8
Let v = 3 + -13. Let t = -15 - v. Let l = -1 - t. What is the remainder when 7 is divided by l?
3
Let x be 17/(-2) - 1/2. Let p(r) be the first derivative of -2*r**2 + 3*r + 1. Calculate the remainder when p(x) is divided by 20.
19
Suppose -5 - 15 = -5*h. Suppose 0 = 3*j - 5*j + 84. Suppose 4*l + l - 4*f - j = 0, -3*f = -l + 4. What is the remainder when l is divided by h?
2
Let x(a) = -2*a + 4. Let p = -8 + 8. Suppose -2*o + 4*h = -42, -56 + p = -3*o - h. Calculate the remainder when o is divided by x(-3).
9
Suppose -7*p + 108 = 5*p. Calculate the remainder when p is divided by 3.
0
What is the remainder when (4 + -7)/3 + 38 is divided by 19?
18
Let a(v) = -v**3 + 7*v**2 + 14*v + 10. What is the remainder when a(8) is divided by 15?
13
Let o = 3 - -1. Let a = 6 - o. Suppose a*i - 14 - 30 = 0. What is the remainder when i is divided by 12?
10
Let k be (1 + -1)*(-3)/(-6). Let i(b) = b**2 + 8. Calculate the remainder when 30 is divided by i(k).
6
What is the remainder when 51 is divided by 160/9 - (-6)/27?
15
Let k(z) = -z**3 + 6*z**2 + 7*z + 3. Let y be k(7). Suppose -y*t = -5*b - 7*t + 73, -3 = -b + 5*t. What is the remainder when 24 is divided by b?
11
Let d = 1 + 2. Suppose i - 7 = -3*c, -c + 29 = -0*i - d*i. Let v = 11 + i. Calculate the remainder when v is divided by 2.
1
Let c(y) = y**2 + 1. Let n(d) = d**3 - 5*d**2 + 3*d + 3. What is the 